hat is -13423ba (base 12) in base 6?
-213510354
Convert -50d27 (base 16) to base 3.
-121211010000
Convert -374255 (base 8) to base 14.
-35125
What is -42505251 (base 6) in base 14?
-248967
573465 (base 8) to base 13
6a607
What is 4c3cb1 (base 15) in base 6?
210223051
-50c5b7 (base 13) to base 15
-273284
65320 (base 10) to base 15
1454a
What is -712355 (base 8) in base 12?
-b3a11
-419437 (base 10) to base 8
-1463155
-1031a4 (base 12) to base 15
-50524
What is -1c7b41 (base 13) in base 9?
-1334153
What is -141b01 (base 13) in base 15?
-9a0e9
What is -44540213 (base 7) in base 9?
-7230788
Convert 2849245 (base 10) to base 8.
12674735
What is 1033122001 (base 4) in base 10?
325249
Convert 101111111110000001010101 (base 2) to base 9.
25585345
What is 10445402 (base 6) in base 11?
1a7561
What is -ab22b (base 16) in base 9?
-1277486
What is c7550 (base 13) in base 5?
42442041
What is 4746667 (base 9) in base 6?
131031224
What is cb0532 (base 15) in base 13?
2007923
-19b683c (base 13) to base 14
-11b2910
What is -5630826 (base 10) in base 2?
-10101011110101101101010
Convert -10111101111101110001 (base 2) to base 11.
-491661
-114043525 (base 6) to base 9
-4040238
Convert 2524672 (base 8) to base 14.
142950
What is -12134103 (base 5) in base 13?
-403b9
-ccc9 (base 14) to base 9
-53566
Convert -374754 (base 14) to base 7.
-22051134
-271b5 (base 15) to base 6
-2403542
-315532420 (base 6) to base 16
-55611c
What is -20512435 (base 6) in base 16?
-92a47
Convert -10010100111011010 (base 2) to base 15.
-178d5
-a8a594 (base 12) to base 9
-5022654
-3a02815 (base 11) to base 14
-cc5131
Convert 4b78d (base 15) to base 12.
b77b1
Convert -3952a0 (base 16) to base 11.
-2136516
-91529 (base 13) to base 3
-111012211022
Convert 4b73 (base 12) to base 13.
3ba3
-1b045 (base 12) to base 11
-2799a
What is -31640430 (base 7) in base 4?
-22102322331
Convert 436b0b (base 12) to base 5.
233210444
Convert -2570b1 (base 12) to base 9.
-1134587
-369370 (base 12) to base 6
-31002220
-77443 (base 12) to base 6
-3214523
What is 13030110031 (base 4) in base 2?
111001100010100001101
Convert 22120101220221 (base 3) to base 2.
10001010111111111110000
100789 (base 16) to base 13
2aa201
What is 2c81d (base 16) in base 12?
895b9
10001210201201 (base 3) to base 16
18de97
4524c (base 13) to base 8
365277
Convert 10012001212 (base 3) to base 15.
138ce
Convert -10110100010100111 (base 2) to base 16.
-168a7
109b7b (base 12) to base 16
40f4f
-2b2801 (base 15) to base 8
-7746520
-22306 (base 10) to base 13
-a1cb
Convert 1453523 (base 7) to base 15.
3dab8
Convert ccb653 (base 13) to base 15.
6542b7
What is -136c01 (base 15) in base 3?
-1202110111001
Convert -10130001200 (base 4) to base 8.
-4340140
What is 212351 (base 8) in base 6?
1304105
Convert 101110110101110101001 (base 2) to base 8.
5665651
32452222 (base 6) to base 7
11153360
Convert -12432223 (base 5) to base 7.
-1024462
Convert ba1a23 (base 15) to base 4.
201310110021
What is 2415142 (base 9) in base 8?
4775333
What is -2042434041 (base 5) in base 10?
-4264896
Convert 20221002221 (base 3) to base 2.
100001010011010010
What is b69a4 (base 15) in base 10?
579304
-363250 (base 9) to base 8
-653433
What is 66720 (base 10) in base 7?
365343
Convert -26651134 (base 7) to base 11.
-1434a20
61451 (base 9) to base 12
1b501
Convert -6b866 (base 15) to base 8.
-1235363
Convert 143410 (base 15) to base 13.
280ab8
What is 1158c6 (base 15) in base 16?
ca5bd
What is 4432362 (base 8) in base 2?
100100011010011110010
Convert -33122221 (base 4) to base 7.
-352045
What is 388773 (base 9) in base 7?
2002224
14366504 (base 7) to base 13
3887b4
16ba9 (base 12) to base 14
bd61
Convert 9d964 (base 14) to base 16.
5d924
What is 110001010011100101001011 (base 2) in base 7?
214601654
Convert 90847 (base 12) to base 14.
4c647
What is 44778 (base 9) in base 8?
72146
Convert -1934544 (base 10) to base 2.
-111011000010011010000
What is -33426602 (base 7) in base 9?
-5406225
What is -10225355 (base 6) in base 10?
-299303
What is 88a828 (base 13) in base 2?
1100010010101010101100
What is 40336054 (base 7) in base 13?
90576a
What is 2342c7 (base 15) in base 2?
110011011010100011010
What is -1237567 (base 15) in base 12?
-4470b81
Convert -580100 (base 11) to base 8.
-3411610
41032410 (base 5) to base 10
330355
Convert 38a430 (base 11) to base 8.
2257334
Convert -1023404 (base 7) to base 5.
-12424210
330210210 (base 4) to base 13
88c08
What is -2221021200 (base 3) in base 4?
-32013012
-2122222010102 (base 3) to base 8
-5316533
-3c5b88 (base 13) to base 11
-914120
What is 10242410 (base 7) in base 9?
1562165
Convert 101011100101000101 (base 2) to base 7.
1342261
Convert 231439 (base 11) to base 12.
158a8a
What is 112120222220 (base 3) in base 6?
10053423
What is 1300214043 (base 6) in base 14?
201d5a3
-321384 (base 10) to base 13
-b338b
What is -102a6c (base 14) in base 4?
-2011021120
Convert 1185569 (base 10) to base 13.
326828
What is 1f3d1d (base 16) in base 9?
3760274
What is 4123114 (base 5) in base 7?
400110
What is 1411240414 (base 5) in base 16?
3735ba
Convert 1432140403 (base 5) to base 13.
a27920
What is -13033 (base 11) in base 8?
-44356
Convert 29748 (base 16) to base 6.
3350040
-1001001110001000 (base 2) to base 6
-450504
102115320 (base 6) to base 15
253550
What is 132371a (base 12) in base 7?
44062615
Convert 13541252 (base 6) to base 13.
133436
-1130031203 (base 4) to base 9
-635085
-110011010000110011000 (base 2) to base 5
-412223033
Convert -1320130311 (base 4) to base 14.
-cbb25
What is -a148bd (base 15) in base 10?
-7659853
12222112011010 (base 3) to base 13
874140
What is -2268972 (base 10) in base 13?
-6159b4
What is 20d9ca (base 15) in base 12?
6356b4
-1101101011011000111 (base 2) to base 13
-12900b
What is 202835d (base 14) in base 4?
321310303333
What is 75842 (base 14) in base 3?
112102221002
What is 3580184 (base 13) in base 7?
260543243
What is -830 (base 14) in base 7?
-4460
What is 14231103 (base 6) in base 14?
c92c7
-206006033 (base 7) to base 5
-11113100303
1b97bc (base 16) to base 9
3355480
Convert -7c177 (base 13) to base 16.
-374fe
What is -10b2c9 (base 13) in base 8?
-1405273
What is 11301230323 (base 4) in base 13?
410347
-26125 (base 9) to base 6
-213252
-9d3749 (base 14) to base 6
-310354101
What is 286692 (base 14) in base 2?
101010101111110101000
-1162235 (base 7) to base 9
-247272
Convert 110010011000 (base 3) to base 15.
4a9e6
Convert 1090324 (base 10) to base 5.
234342244
What is 4b9b9 (base 14) in base 16?
2d5af
Convert 155437 (base 8) to base 7.
322354
Convert 197e8 (base 16) to base 13.
386b8
457850 (base 10) to base 5
104122400
-4788014 (base 11) to base 2
-11111110100011110010000
214020246 (base 7) to base 4
300330000003
-795319 (base 11) to base 6
-43045512
What is 653350 (base 9) in base 10?
389574
What is 13c09b (base 13) in base 11?
300267
Convert 384214 (base 9) to base 11.
14993a
Convert -2162555 (base 7) to base 10.
-267482
What is -66400132 (base 7) in base 9?
-11668671
What is 1032003 (base 7) in base 16?
1ea65
Convert -2743787 (base 12) to base 7.
-123216235
-10111110111110100011 (base 2) to base 7
-6435410
Convert 10111011001010111100110 (base 2) to base 7.
103063054
-30247 (base 16) to base 8
-601107
17097 (base 13) to base 11
30119
Convert -276164 (base 10) to base 4.
-1003123010
What is -10010010001000011000 (base 2) in base 13?
-17c596
Convert -91959 (base 11) to base 8.
-406155
Convert -14563959 (base 10) to base 4.
-313203221313
What is 264364 (base 8) in base 16?
168f4
35b0b2 (base 12) to base 11
54414a
Convert -1352132 (base 8) to base 15.
-782e7
Convert 9979c (base 14) to base 12.
15b2ba
Convert 2201672 (base 8) to base 13.
178b96
1365216 (base 8) to base 10
387726
What is -1639809 (base 13) in base 7?
-114604446
What is -1059531 (base 10) in base 3?
-1222211101220
What is -11222231220 (base 4) in base 6?
-51502040
What is 1936863 (base 10) in base 5?
443434423
What is 710597 (base 10) in base 13?
1bb594
-3768441 (base 9) to base 10
-2053225
Convert -24156 (base 7) to base 14.
-23d6
Convert 2422645 (base 7) to base 12.
12a531
Convert -48429 (base 12) to base 4.
-113301201
What is -112999 (base 16) in base 3?
-2010010212211
Convert -10207151 (base 8) to base 2.
-1000010000111001101001
What is 655217 (b